 11?
3a
-10000 (base 2) to base 9
-17
Convert 102 (base 5) to base 11.
25
What is -1 (base 8) in base 15?
-1
What is -5 (base 13) in base 9?
-5
-223 (base 6) to base 13
-69
233 (base 7) to base 16
7a
Convert 4 (base 10) to base 11.
4
What is 1 (base 3) in base 14?
1
Convert 12 (base 4) to base 15.
6
7 (base 16) to base 13
7
What is -20 (base 5) in base 9?
-11
-19 (base 10) to base 7
-25
Convert -1 (base 6) to base 9.
-1
Convert 12 (base 16) to base 11.
17
What is -7c (base 14) in base 11?
-a0
-93 (base 16) to base 5
-1042
-15 (base 11) to base 2
-10000
Convert -1020 (base 4) to base 10.
-72
What is 1 (base 6) in base 14?
1
-75 (base 9) to base 15
-48
What is 7 (base 15) in base 6?
11
-11 (base 7) to base 6
-12
1 (base 13) to base 5
1
What is 1120 (base 3) in base 6?
110
What is -6 (base 9) in base 5?
-11
Convert -7 (base 12) to base 6.
-11
2 (base 14) to base 7
2
Convert 2222 (base 3) to base 2.
1010000
Convert 5d (base 15) to base 13.
6a
What is 1413 (base 5) in base 2?
11101001
Convert 71 (base 16) to base 6.
305
-55 (base 6) to base 11
-32
7 (base 8) to base 6
11
What is 47 (base 11) in base 5?
201
-10 (base 6) to base 4
-12
100 (base 3) to base 14
9
-3 (base 7) to base 9
-3
Convert -2 (base 11) to base 10.
-2
-1 (base 9) to base 2
-1
What is -232 (base 5) in base 2?
-1000011
Convert -10 (base 3) to base 12.
-3
Convert -4 (base 11) to base 2.
-100
0 (base 2) to base 13
0
What is -111 (base 2) in base 15?
-7
Convert 10 (base 3) to base 8.
3
-22 (base 4) to base 16
-a
What is -102 (base 9) in base 13?
-65
-142 (base 11) to base 6
-435
Convert 0 (base 12) to base 16.
0
Convert 1 (base 8) to base 10.
1
What is -16 (base 14) in base 8?
-24
-1110 (base 4) to base 8
-124
4 (base 11) to base 7
4
What is b2 (base 13) in base 2?
10010001
Convert -b (base 12) to base 2.
-1011
5 (base 9) to base 6
5
What is 2 (base 8) in base 4?
2
What is -11 (base 6) in base 15?
-7
Convert 10 (base 3) to base 5.
3
-10 (base 5) to base 7
-5
c (base 14) to base 16
c
What is -7 (base 13) in base 7?
-10
Convert -2 (base 7) to base 10.
-2
What is -46 (base 14) in base 4?
-332
Convert -3 (base 16) to base 2.
-11
-1110 (base 5) to base 6
-415
7 (base 15) to base 5
12
Convert 42 (base 6) to base 12.
22
What is 145 (base 7) in base 9?
101
-3b (base 14) to base 7
-104
-1 (base 2) to base 7
-1
4 (base 9) to base 15
4
40 (base 13) to base 3
1221
0 (base 2) to base 7
0
11111 (base 2) to base 9
34
Convert 95 (base 14) to base 15.
8b
What is 22 (base 10) in base 16?
16
10001010 (base 2) to base 3
12010
4 (base 7) to base 13
4
Convert 8 (base 11) to base 15.
8
Convert -1 (base 15) to base 5.
-1
What is -6 (base 8) in base 3?
-20
Convert 1020 (base 3) to base 7.
45
What is 25 (base 6) in base 5?
32
4 (base 11) to base 13
4
-22 (base 3) to base 4
-20
Convert 38 (base 13) to base 7.
65
What is -205 (base 7) in base 8?
-147
Convert -89 (base 14) to base 5.
-441
Convert 1000 (base 2) to base 6.
12
Convert -32 (base 14) to base 16.
-2c
Convert -a6 (base 11) to base 12.
-98
What is 26 (base 11) in base 3?
1001
What is 343 (base 5) in base 15?
68
Convert 1 (base 2) to base 9.
1
Convert 25 (base 8) to base 13.
18
Convert -142 (base 13) to base 11.
-193
-b (base 12) to base 4
-23
-2 (base 5) to base 14
-2
80 (base 15) to base 14
88
Convert 183 (base 15) to base 10.
348
What is -3 (base 9) in base 15?
-3
Convert -5 (base 16) to base 4.
-11
1 (base 11) to base 7
1
-2 (base 8) to base 11
-2
Convert 47 (base 9) to base 5.
133
What is -47 (base 12) in base 9?
-61
132 (base 6) to base 16
38
Convert -53 (base 7) to base 5.
-123
-5c (base 13) to base 9
-85
-12 (base 5) to base 4
-13
Convert -1 (base 6) to base 10.
-1
What is 40 (base 13) in base 6?
124
Convert -2 (base 15) to base 11.
-2
a (base 11) to base 16
a
Convert -2 (base 13) to base 15.
-2
152 (base 7) to base 12
72
What is -3 (base 15) in base 5?
-3
What is 49 (base 16) in base 6?
201
What is -156 (base 13) in base 2?
-11110000
Convert -7 (base 16) to base 7.
-10
3 (base 13) to base 15
3
3 (base 11) to base 3
10
Convert -10 (base 9) to base 12.
-9
Convert 61 (base 8) to base 7.
100
-247 (base 10) to base 2
-11110111
What is 6 (base 10) in base 9?
6
Convert 11 (base 2) to base 8.
3
Convert 27 (base 8) to base 7.
32
-93 (base 16) to base 12
-103
What is -1 (base 13) in base 9?
-1
Convert -3 (base 6) to base 14.
-3
Convert 4a (base 13) to base 2.
111110
11 (base 4) to base 9
5
1321 (base 6) to base 3
110111
1 (base 8) to base 12
1
-31 (base 8) to base 14
-1b
What is 43 (base 8) in base 11?
32
-3 (base 10) to base 8
-3
Convert 2 (base 10) to base 11.
2
-7 (base 8) to base 3
-21
-39 (base 16) to base 4
-321
Convert 0 (base 9) to base 7.
0
-3 (base 9) to base 8
-3
What is 38 (base 11) in base 3?
1112
-2 (base 15) to base 10
-2
What is -d4 (base 15) in base 9?
-241
What is 210 (base 3) in base 8?
25
Convert 2 (base 5) to base 7.
2
What is 0 (base 15) in base 2?
0
Convert 0 (base 12) to base 6.
0
What is -1b (base 15) in base 2?
-11010
73 (base 8) to base 14
43
What is 10011 (base 3) in base 10?
85
Convert -32 (base 15) to base 14.
-35
What is -15 (base 15) in base 10?
-20
-22 (base 5) to base 7
-15
What is 64 (base 8) in base 9?
57
What is 0 (base 15) in base 11?
0
What is 7 (base 8) in base 4?
13
What is 11 (base 13) in base 14?
10
7 (base 15) to base 5
12
Convert -115 (base 16) to base 11.
-232
What is 1 (base 6) in base 7?
1
Convert 8 (base 16) to base 5.
13
What is -8 (base 16) in base 13?
-8
-7 (base 8) to base 15
-7
What is 1b (base 14) in base 11?
23
What is -20 (base 5) in base 11?
-a
Convert -101 (base 2) to base 7.
-5
Convert 6 (base 7) to base 10.
6
What is -14 (base 16) in base 3?
-202
Convert 1 (base 13) to base 2.
1
Convert -11 (base 11) to base 8.
-14
Convert -1 (base 3) to base 15.
-1
4 (base 14) to base 3
11
What is 12 (base 3) in base 11?
5
-3 (base 6) to base 11
-3
Convert -2 (base 14) to base 16.
-2
Convert 23 (base 4) to base 2.
1011
Convert 24 (base 7) to base 5.
33
What is -6 (base 7) in base 6?
-10
What is -110010 (base 2) in base 10?
-50
Convert 3 (base 7) to base 2.
11
Convert -4 (base 15) to base 9.
-4
What is -1 (base 11) in base 2?
-1
Convert 7 (base 9) to base 5.
12
What is -10 (base 2) in base 14?
-2
Convert -1 (base 3) to base 13.
-1
Convert 4 (base 6) to base 14.
4
What is 24 (base 5) in base 16?
e
Convert -13 (base 10) to base 4.
-31
1 (base 12) to base 16
1
Convert -6 (base 9) to base 8.
-6
Convert -20 (base 14) to base 7.
-40
Convert 213 (base 4) to base 15.
29
Convert -3 (base 8) to base 5.
-3
What is -41 (base 15) in base 4?
-331
10012 (base 3) to base 10
86
What is 1 (base 6) in base 4?
1
What is 2 (base 16) in base 10?
2
-13 (base 11) to base 3
-112
What is 4 (base 15) in base 5?
4
What is 6 (base 14) in base 5?
11
Convert -5 (base 7) to base 3.
-12
Convert 1 (base 5) to base 7.
1
Convert 56 (base 10) to base 8.
70
What is b2 (base 13) in base 2?
10010001
What is 2 (base 11) in base 15?
2
What is 2 (base 4) in base 12?
2
-2 (base 3) to base 15
-2
Convert -3 (base 11) to base 15.
-3
Convert 101001 (base 2) to base 9.
45
What is 10 (base 3) in base 8?
3
-4 (base 8) to base 14
-4
Convert 9 (base 14) to base 15.
9
What is -11032 (base 4) in base 10?
-334
What is -4 (base 5) in base 10?
-4
What is -104 (base 8) in base 16?
-44
What is -b3 (base 12) in base 11?
-113
-b (base 12) to base 13
-b
Convert -13 (base 14) to base 9.
-18
-43 (base 11) to base 3
-1202
-12 (base 10) to base 8
-14
Convert -3c (base 15) to base 16.
-39
What is 1 (base 13) in base 2?
1
What is -33 (base 4) in base 5?
-30
Convert 1 (base 2) to base 6.
1
What is 2 (base 13) in base 4?
2
5 (base 10) to base 6
5
What is 10 (base 7) in base 11?
7
-54 (base 11) to base 3
-2012
What is -19 (base 14) in base 5?
-43
Convert 0 (base 8) to base 16.
0
2002 (base 5) to base 4
3330
-8 (base 16) to base 11
-8
Convert 21 (base 4) to base 13.
9
Convert -110 (base 2) to base 9.
-6
Convert 12 (base 15) to base 7.
23
What is 220 (base 3) in base 13?
1b
-3 (base 4) to base 12
-3
-3 (base 4) to base 2
-11
Convert -346 (base 7) to base 4.
-2311
What is 40 (base 9) in base 15?
26
Convert -13 (base 8) to base 3.
-102
-22 (base 5) to base 13
-c
What is -2 (base 15) in base 5?
-2
-12 (base 8) to base 15
-a
What is 120 (base 8) in base 16?
50
-1020 (base 3) to base 10
